{"id":81,"date":"2019-05-25T19:16:55","date_gmt":"2019-05-25T17:16:55","guid":{"rendered":"http:\/\/scn-rando.fr\/?page_id=81"},"modified":"2022-09-02T11:57:02","modified_gmt":"2022-09-02T09:57:02","slug":"animation","status":"publish","type":"page","link":"http:\/\/scn-rando.fr\/index.php\/animation\/","title":{"rendered":"Animation"},"content":{"rendered":"<p style=\"text-align: left; padding-left: 40px;\">Les randonn\u00e9es sont encadr\u00e9es par des animateurs et des animatrices b\u00e9n\u00e9voles non dipl\u00f4m\u00e9s mais qui ont une solide exp\u00e9rience de la conduite de groupes de randonneurs.<br \/>\nL\u2019animateur ou l\u2019animatrice sont second\u00e9s par un SERRE-FILE dont le r\u00f4le, \u00e0 l\u2019arri\u00e8re du groupe de randonneurs est de veiller \u00e0 ce que le groupe reste relativement homog\u00e8ne, de s\u2019assurer qu\u2019aucun randonneur ne s\u2019\u00e9gare sur le parcours et de signaler \u00e0 l\u2019animateur toute difficult\u00e9 qu\u2019il observe.<br \/>\nLe serre-file n\u2019assure pas la responsabilit\u00e9 du groupe et n\u2019a pas vocation \u00e0 se substituer \u00e0 l\u2019animateur qui guide le groupe.<\/p>\n<p style=\"text-align: left; padding-left: 40px;\">L\u2019ANIMATEUR a une obligation de s\u00e9curit\u00e9. Il doit prendre toutes les mesures qu\u2019il juge n\u00e9cessaires dans le cadre de ses attributions pour favoriser la s\u00e9curit\u00e9 et la conduite du groupe<br \/>\n-D\u00e9signation d\u2019un serre-file au d\u00e9part de la randonn\u00e9e<br \/>\n-Modification ou annulation de la sortie en fonction des conditions m\u00e9t\u00e9o.<br \/>\n&#8211; refus de toute personne dont l\u2019\u00e9quipement parait inadapt\u00e9 ou le niveau physique insuffisant pour la difficult\u00e9 du parcours propos\u00e9.<br \/>\n&#8211; comportement inappropri\u00e9.<\/p>\n<p style=\"text-align: left; padding-left: 40px;\">L\u2019animateur doit rendre compte du d\u00e9roulement de la sortie au pr\u00e9sident (nombre de participants, faits marquants etc\u2026)<\/p>\n<p style=\"text-align: left;\"><strong>ANIMATRICES et ANIMATEURS DES RANDONN\u00c9ES<\/strong><br \/>\n&#8211; CLAIRE, FRAN\u00c7OISE C., JEANINE, JEAN-LOUIS, JEAN-PAUL,<br \/>\n&nbsp;&nbsp; BERNARD.<\/p>\n<p>Le budget de l\u2019Association ne permet pas de rembourser les frais de d\u00e9placements li\u00e9s au transport des participants(covoiturage) ou \u00e0 la reconnaissance des itin\u00e9raires de sorties, c\u2019est pourquoi, il sera demand\u00e9 \u00e0 chaque randonneur une participation financi\u00e8re \u00e0 chaque sortie. Le montant de cette participation sera fix\u00e9 au cours de l\u2019Assembl\u00e9e G\u00e9n\u00e9rale Annuelle et revu si n\u00e9cessaire en fonction de l\u2019\u00e9volution des prix des carburants.<\/p>\n","protected":false},"excerpt":{"rendered":"<p>Les randonn\u00e9es sont encadr\u00e9es par des animateurs et des animatrices b\u00e9n\u00e9voles non dipl\u00f4m\u00e9s mais qui ont une solide exp\u00e9rience de la conduite de groupes de randonneurs. L\u2019animateur ou l\u2019animatrice sont second\u00e9s par un SERRE-FILE dont le r\u00f4le, \u00e0 l\u2019arri\u00e8re du groupe de randonneurs est de veiller \u00e0 ce que le groupe reste relativement homog\u00e8ne, de &hellip; <a href=\"http:\/\/scn-rando.fr\/index.php\/animation\/\" class=\"more-link\">Continuer la lecture de <span class=\"screen-reader-text\">Animation<\/span>  <span class=\"meta-nav\">&rarr;<\/span><\/a><\/p>\n","protected":false},"author":1,"featured_media":0,"parent":0,"menu_order":0,"comment_status":"closed","ping_status":"closed","template":"","meta":{"ngg_post_thumbnail":0,"footnotes":""},"class_list":["post-81","page","type-page","status-publish","hentry"],"jetpack_sharing_enabled":true,"_links":{"self":[{"href":"http:\/\/scn-rando.fr\/index.php\/wp-json\/wp\/v2\/pages\/81"}],"collection":[{"href":"http:\/\/scn-rando.fr\/index.php\/wp-json\/wp\/v2\/pages"}],"about":[{"href":"http:\/\/scn-rando.fr\/index.php\/wp-json\/wp\/v2\/types\/page"}],"author":[{"embeddable":true,"href":"http:\/\/scn-rando.fr\/index.php\/wp-json\/wp\/v2\/users\/1"}],"replies":[{"embeddable":true,"href":"http:\/\/scn-rando.fr\/index.php\/wp-json\/wp\/v2\/comments?post=81"}],"version-history":[{"count":7,"href":"http:\/\/scn-rando.fr\/index.php\/wp-json\/wp\/v2\/pages\/81\/revisions"}],"predecessor-version":[{"id":2476,"href":"http:\/\/scn-rando.fr\/index.php\/wp-json\/wp\/v2\/pages\/81\/revisions\/2476"}],"wp:attachment":[{"href":"http:\/\/scn-rando.fr\/index.php\/wp-json\/wp\/v2\/media?parent=81"}],"curies":[{"name":"wp","href":"https:\/\/api.w.org\/{rel}","templated":true}]}}