{"id":79,"date":"2019-05-25T19:16:23","date_gmt":"2019-05-25T17:16:23","guid":{"rendered":"http:\/\/scn-rando.fr\/?page_id=79"},"modified":"2020-05-31T00:04:29","modified_gmt":"2020-05-30T22:04:29","slug":"la-trousse-de-secours","status":"publish","type":"page","link":"http:\/\/scn-rando.fr\/index.php\/la-trousse-de-secours\/","title":{"rendered":"La trousse de secours"},"content":{"rendered":"<p>Quand vous randonnez avec l\u2019\u00e9chapp\u00e9e Occitane vous \u00eates encadr\u00e9s par des animateurs b\u00e9n\u00e9voles. Ils sont \u00e9quip\u00e9s d\u2019une trousse de premiers secours pour leur permettre d\u2019apporter les premiers soins en cas d\u2019accident. Cependant ils ne disposent d\u2019aucun m\u00e9dicament et ne sont pas habilit\u00e9s \u00e0 en administrer.<\/p>\n<p>Ceci ne vous dispense pas de poss\u00e9der votre propre trousse. Vous en trouverez dans le commerce (pharmacie, parapharmacie, commerce sp\u00e9cialis\u00e9) mais vous pouvez aussi vous la confectionner vous-m\u00eame. Elle doit contenir : lingettes nettoyantes, compresses st\u00e9riles, pansements de diverses tailles, d\u00e9sinfectant incolore et neutre, pansements anti-ampoules, sparadrap, bande coh\u00e9sive, couverture de survie, ciseaux, pince \u00e0 \u00e9piler, \u00e9pingle \u00e0 nourrice, cr\u00e8me solaire, savon et vos m\u00e9dicaments personnels. Ainsi \u00e9quip\u00e9s, et avec l\u2019espoir de ne jamais devoir l\u2019utiliser, vous pourrez randonner en toute tranquillit\u00e9.<\/p>\n","protected":false},"excerpt":{"rendered":"<p>Quand vous randonnez avec l\u2019\u00e9chapp\u00e9e Occitane vous \u00eates encadr\u00e9s par des animateurs b\u00e9n\u00e9voles. Ils sont \u00e9quip\u00e9s d\u2019une trousse de premiers secours pour leur permettre d\u2019apporter les premiers soins en cas d\u2019accident. Cependant ils ne disposent d\u2019aucun m\u00e9dicament et ne sont pas habilit\u00e9s \u00e0 en administrer. Ceci ne vous dispense pas de poss\u00e9der votre propre trousse. &hellip; <a href=\"http:\/\/scn-rando.fr\/index.php\/la-trousse-de-secours\/\" class=\"more-link\">Continuer la lecture de <span class=\"screen-reader-text\">La trousse de secours<\/span>  <span class=\"meta-nav\">&rarr;<\/span><\/a><\/p>\n","protected":false},"author":1,"featured_media":0,"parent":0,"menu_order":0,"comment_status":"closed","ping_status":"closed","template":"","meta":{"ngg_post_thumbnail":0,"footnotes":""},"class_list":["post-79","page","type-page","status-publish","hentry"],"jetpack_sharing_enabled":true,"_links":{"self":[{"href":"http:\/\/scn-rando.fr\/index.php\/wp-json\/wp\/v2\/pages\/79"}],"collection":[{"href":"http:\/\/scn-rando.fr\/index.php\/wp-json\/wp\/v2\/pages"}],"about":[{"href":"http:\/\/scn-rando.fr\/index.php\/wp-json\/wp\/v2\/types\/page"}],"author":[{"embeddable":true,"href":"http:\/\/scn-rando.fr\/index.php\/wp-json\/wp\/v2\/users\/1"}],"replies":[{"embeddable":true,"href":"http:\/\/scn-rando.fr\/index.php\/wp-json\/wp\/v2\/comments?post=79"}],"version-history":[{"count":3,"href":"http:\/\/scn-rando.fr\/index.php\/wp-json\/wp\/v2\/pages\/79\/revisions"}],"predecessor-version":[{"id":1326,"href":"http:\/\/scn-rando.fr\/index.php\/wp-json\/wp\/v2\/pages\/79\/revisions\/1326"}],"wp:attachment":[{"href":"http:\/\/scn-rando.fr\/index.php\/wp-json\/wp\/v2\/media?parent=79"}],"curies":[{"name":"wp","href":"https:\/\/api.w.org\/{rel}","templated":true}]}}