{"id":77,"date":"2019-05-25T19:15:55","date_gmt":"2019-05-25T17:15:55","guid":{"rendered":"http:\/\/scn-rando.fr\/?page_id=77"},"modified":"2020-05-31T00:03:04","modified_gmt":"2020-05-30T22:03:04","slug":"lequipement","status":"publish","type":"page","link":"http:\/\/scn-rando.fr\/index.php\/lequipement\/","title":{"rendered":"L&rsquo;\u00e9quipement"},"content":{"rendered":"<p>La pratique de la randonn\u00e9e demande une bonne condition physique et un \u00e9quipement convenable, adapt\u00e9 en fonction de la saison.<\/p>\n<p>\u2022 Bonnes chaussures de randonn\u00e9e + Gu\u00eatres pour la boue<br \/>\n\u2022 Sac \u00e0 dos confortable<br \/>\n\u2022 V\u00eatements de pluie (toujours dans le sac) et v\u00eatements chauds en fonction des saisons<br \/>\n\u2022 Casquette<br \/>\n\u2022 B\u00e2tons (t\u00e9lescopiques conseill\u00e9s)<br \/>\n\u2022 Gourde ou bouteille d\u2019eau<br \/>\n\u2022 Barres de c\u00e9r\u00e9ales, biscuits, fruits secs conseill\u00e9s<br \/>\n\u2022 Paire de chaussures de rechange pour le trajet afin d&rsquo;\u00e9viter de salir bus ou voiture<\/p>\n","protected":false},"excerpt":{"rendered":"<p>La pratique de la randonn\u00e9e demande une bonne condition physique et un \u00e9quipement convenable, adapt\u00e9 en fonction de la saison. \u2022 Bonnes chaussures de randonn\u00e9e + Gu\u00eatres pour la boue \u2022 Sac \u00e0 dos confortable \u2022 V\u00eatements de pluie (toujours dans le sac) et v\u00eatements chauds en fonction des saisons \u2022 Casquette \u2022 B\u00e2tons (t\u00e9lescopiques &hellip; <a href=\"http:\/\/scn-rando.fr\/index.php\/lequipement\/\" class=\"more-link\">Continuer la lecture de <span class=\"screen-reader-text\">L&rsquo;\u00e9quipement<\/span>  <span class=\"meta-nav\">&rarr;<\/span><\/a><\/p>\n","protected":false},"author":1,"featured_media":0,"parent":0,"menu_order":0,"comment_status":"closed","ping_status":"closed","template":"","meta":{"ngg_post_thumbnail":0,"footnotes":""},"class_list":["post-77","page","type-page","status-publish","hentry"],"jetpack_sharing_enabled":true,"_links":{"self":[{"href":"http:\/\/scn-rando.fr\/index.php\/wp-json\/wp\/v2\/pages\/77"}],"collection":[{"href":"http:\/\/scn-rando.fr\/index.php\/wp-json\/wp\/v2\/pages"}],"about":[{"href":"http:\/\/scn-rando.fr\/index.php\/wp-json\/wp\/v2\/types\/page"}],"author":[{"embeddable":true,"href":"http:\/\/scn-rando.fr\/index.php\/wp-json\/wp\/v2\/users\/1"}],"replies":[{"embeddable":true,"href":"http:\/\/scn-rando.fr\/index.php\/wp-json\/wp\/v2\/comments?post=77"}],"version-history":[{"count":3,"href":"http:\/\/scn-rando.fr\/index.php\/wp-json\/wp\/v2\/pages\/77\/revisions"}],"predecessor-version":[{"id":1325,"href":"http:\/\/scn-rando.fr\/index.php\/wp-json\/wp\/v2\/pages\/77\/revisions\/1325"}],"wp:attachment":[{"href":"http:\/\/scn-rando.fr\/index.php\/wp-json\/wp\/v2\/media?parent=77"}],"curies":[{"name":"wp","href":"https:\/\/api.w.org\/{rel}","templated":true}]}}