{"id":2121,"date":"2021-11-25T18:23:27","date_gmt":"2021-11-25T17:23:27","guid":{"rendered":"http:\/\/scn-rando.fr\/?page_id=2121"},"modified":"2021-11-25T18:23:27","modified_gmt":"2021-11-25T17:23:27","slug":"nos-week-ends-2","status":"publish","type":"page","link":"http:\/\/scn-rando.fr\/index.php\/nos-week-ends-2\/","title":{"rendered":"Nos Week-ends"},"content":{"rendered":"<p style=\"text-align: center;\"><div class=\"pt-cv-wrapper\"><div class=\"pt-cv-view pt-cv-grid pt-cv-colsys\" id=\"pt-cv-view-4c8c08cr7x\"><div data-id=\"pt-cv-page-1\" class=\"pt-cv-page\" data-cvc=\"2\"><div class=\"col-md-6 col-sm-6 col-xs-12 pt-cv-content-item pt-cv-1-col\" ><div class='pt-cv-ifield'><a href=\"http:\/\/scn-rando.fr\/index.php\/2025\/04\/27\/3-jours-dans-le-tarn-massif-du-sidobre\/\" class=\"_self pt-cv-href-thumbnail pt-cv-thumb-default\" target=\"_self\" ><img loading=\"lazy\" decoding=\"async\" width=\"250\" height=\"201\" src=\"http:\/\/scn-rando.fr\/wp-content\/uploads\/2025\/04\/ESCAPADE-PRINTANIERE-Le-Sidobre.jpg\" class=\"pt-cv-thumbnail\" alt=\"\" \/><\/a>\n<h4 class=\"pt-cv-title\"><a href=\"http:\/\/scn-rando.fr\/index.php\/2025\/04\/27\/3-jours-dans-le-tarn-massif-du-sidobre\/\" class=\"_self\" target=\"_self\" >3 jours dans le Tarn : Massif du Sidobre<\/a><\/h4>\n<div class=\"pt-cv-content\">\u00ab A LA DECOUVERTE DE \u00ab L\u2019ILE DE GRANIT \u00bb Il y a 285 millions d\u2019ann\u00e9es, sous la terre, le ...<br \/><div class=\"pt-cv-rmwrap\"><a href=\"http:\/\/scn-rando.fr\/index.php\/2025\/04\/27\/3-jours-dans-le-tarn-massif-du-sidobre\/\" class=\"_self pt-cv-readmore btn btn-success\" target=\"_self\">Lire La Suite\u2026<\/a><\/div><\/div><\/div><\/div>\n<div class=\"col-md-6 col-sm-6 col-xs-12 pt-cv-content-item pt-cv-1-col\" ><div class='pt-cv-ifield'><a href=\"http:\/\/scn-rando.fr\/index.php\/2024\/10\/31\/2-jours-a-martel-collonges-la-rouge-curemonte\/\" class=\"_self pt-cv-href-thumbnail pt-cv-thumb-default\" target=\"_self\" ><img loading=\"lazy\" decoding=\"async\" width=\"300\" height=\"225\" src=\"http:\/\/scn-rando.fr\/wp-content\/uploads\/2024\/10\/Collonges-300x225.jpg\" class=\"pt-cv-thumbnail\" alt=\"\" srcset=\"http:\/\/scn-rando.fr\/wp-content\/uploads\/2024\/10\/Collonges-300x225.jpg 300w, http:\/\/scn-rando.fr\/wp-content\/uploads\/2024\/10\/Collonges-1024x768.jpg 1024w, http:\/\/scn-rando.fr\/wp-content\/uploads\/2024\/10\/Collonges-768x576.jpg 768w, http:\/\/scn-rando.fr\/wp-content\/uploads\/2024\/10\/Collonges-1536x1152.jpg 1536w, http:\/\/scn-rando.fr\/wp-content\/uploads\/2024\/10\/Collonges-400x300.jpg 400w, http:\/\/scn-rando.fr\/wp-content\/uploads\/2024\/10\/Collonges.jpg 1600w\" sizes=\"(max-width: 300px) 100vw, 300px\" \/><\/a>\n<h4 class=\"pt-cv-title\"><a href=\"http:\/\/scn-rando.fr\/index.php\/2024\/10\/31\/2-jours-a-martel-collonges-la-rouge-curemonte\/\" class=\"_self\" target=\"_self\" >2 jours \u00e0 Martel, Collonges la Rouge, Curemonte<\/a><\/h4>\n<div class=\"pt-cv-content\">UN CIRCUIT TOURISTIQUE DANS LE LOT ET LA CORREZE. MARTEL, COLLONGES LA ROUGE, CUREMONTE ...<br \/><div class=\"pt-cv-rmwrap\"><a href=\"http:\/\/scn-rando.fr\/index.php\/2024\/10\/31\/2-jours-a-martel-collonges-la-rouge-curemonte\/\" class=\"_self pt-cv-readmore btn btn-success\" target=\"_self\">Lire La Suite\u2026<\/a><\/div><\/div><\/div><\/div>\n<div class=\"col-md-6 col-sm-6 col-xs-12 pt-cv-content-item pt-cv-1-col\" ><div class='pt-cv-ifield'><a href=\"http:\/\/scn-rando.fr\/index.php\/2022\/10\/22\/week-end-mazamet\/\" class=\"_self pt-cv-href-thumbnail pt-cv-thumb-default\" target=\"_self\" ><img loading=\"lazy\" decoding=\"async\" width=\"300\" height=\"192\" src=\"http:\/\/scn-rando.fr\/wp-content\/uploads\/2022\/10\/Sejour-Mazamet-300x192.jpg\" class=\"pt-cv-thumbnail\" alt=\"\" srcset=\"http:\/\/scn-rando.fr\/wp-content\/uploads\/2022\/10\/Sejour-Mazamet-300x192.jpg 300w, http:\/\/scn-rando.fr\/wp-content\/uploads\/2022\/10\/Sejour-Mazamet-768x490.jpg 768w, http:\/\/scn-rando.fr\/wp-content\/uploads\/2022\/10\/Sejour-Mazamet-400x255.jpg 400w, http:\/\/scn-rando.fr\/wp-content\/uploads\/2022\/10\/Sejour-Mazamet.jpg 899w\" sizes=\"(max-width: 300px) 100vw, 300px\" \/><\/a>\n<h4 class=\"pt-cv-title\"><a href=\"http:\/\/scn-rando.fr\/index.php\/2022\/10\/22\/week-end-mazamet\/\" class=\"_self\" target=\"_self\" >Week-end Mazamet<\/a><\/h4>\n<div class=\"pt-cv-content\">Une escapade automnale \u00e0 LAUTREC et MAZAMET en accueil h\u00f4telier, organis\u00e9e par l\u2019association SCN-RANDO \u00ab l\u2019\u00e9chapp\u00e9e occitane \u00bb a rencontr\u00e9 ...<br \/><div class=\"pt-cv-rmwrap\"><a href=\"http:\/\/scn-rando.fr\/index.php\/2022\/10\/22\/week-end-mazamet\/\" class=\"_self pt-cv-readmore btn btn-success\" target=\"_self\">Lire La Suite\u2026<\/a><\/div><\/div><\/div><\/div><\/div><\/div><\/div><\/p>\n","protected":false},"excerpt":{"rendered":"","protected":false},"author":2,"featured_media":0,"parent":0,"menu_order":0,"comment_status":"closed","ping_status":"closed","template":"","meta":{"ngg_post_thumbnail":0,"footnotes":""},"class_list":["post-2121","page","type-page","status-publish","hentry"],"jetpack_sharing_enabled":true,"_links":{"self":[{"href":"http:\/\/scn-rando.fr\/index.php\/wp-json\/wp\/v2\/pages\/2121"}],"collection":[{"href":"http:\/\/scn-rando.fr\/index.php\/wp-json\/wp\/v2\/pages"}],"about":[{"href":"http:\/\/scn-rando.fr\/index.php\/wp-json\/wp\/v2\/types\/page"}],"author":[{"embeddable":true,"href":"http:\/\/scn-rando.fr\/index.php\/wp-json\/wp\/v2\/users\/2"}],"replies":[{"embeddable":true,"href":"http:\/\/scn-rando.fr\/index.php\/wp-json\/wp\/v2\/comments?post=2121"}],"version-history":[{"count":1,"href":"http:\/\/scn-rando.fr\/index.php\/wp-json\/wp\/v2\/pages\/2121\/revisions"}],"predecessor-version":[{"id":2123,"href":"http:\/\/scn-rando.fr\/index.php\/wp-json\/wp\/v2\/pages\/2121\/revisions\/2123"}],"wp:attachment":[{"href":"http:\/\/scn-rando.fr\/index.php\/wp-json\/wp\/v2\/media?parent=2121"}],"curies":[{"name":"wp","href":"https:\/\/api.w.org\/{rel}","templated":true}]}}